{"id":194,"date":"2021-09-15T21:00:58","date_gmt":"2021-09-15T21:00:58","guid":{"rendered":"http:\/\/ba-volkratshofen.de\/?page_id=194"},"modified":"2026-04-28T11:40:21","modified_gmt":"2026-04-28T11:40:21","slug":"aktuelles","status":"publish","type":"page","link":"http:\/\/ba-volkratshofen.de\/","title":{"rendered":"Aktuelles ( April 2026 ):"},"content":{"rendered":"\n<p><strong>Der B\u00fcrgerausschuss ist ein von den B\u00fcrgern gew\u00e4hltes Gremium, welches beauftragt ist, die Interessen der B\u00fcrgerschaft vor der Stadt Memmingen zu vertreten.<\/strong><\/p>\n\n\n\n<h2 class=\"wp-block-heading\"><mark style=\"background-color:rgba(0, 0, 0, 0)\" class=\"has-inline-color has-blue-color\">Aktion &#8222;ZusaMMen f\u00fcr ein sauberes Memmingen 2026&#8220; &#8211; Volkratshofen-Ferthofen macht mit!<\/mark><\/h2>\n\n\n\n<p>Gelungene Aktion bei strahlendem Sonnenschein , die, denken wir, allen viel Spa\u00df gemacht hat, zumal die Kinder im Anschlu\u00df noch eine Runde im kleinen Feuerwehr-Bus mitfahren durften, was f\u00fcr sie bestimmt ein Highlight war.<\/p>\n\n\n\n<p>Der Feuerwehr danken wir ganz herzlich f\u00fcr die Zurverf\u00fcgungstellung ihrer \u201eFacilities\u201c, f\u00fcr ihre sehr tatkr\u00e4ftige Unterst\u00fctzung bei der Verk\u00f6stigung der Rasselbande.<\/p>\n\n\n\n<figure class=\"wp-block-image size-large\"><img fetchpriority=\"high\" decoding=\"async\" width=\"1024\" height=\"667\" src=\"http:\/\/ba-volkratshofen.de\/wp-content\/uploads\/2026\/04\/zusaMMen_auswahl_04-1024x667.jpg\" alt=\"\" class=\"wp-image-1672\" srcset=\"http:\/\/ba-volkratshofen.de\/wp-content\/uploads\/2026\/04\/zusaMMen_auswahl_04-1024x667.jpg 1024w, http:\/\/ba-volkratshofen.de\/wp-content\/uploads\/2026\/04\/zusaMMen_auswahl_04-300x195.jpg 300w, http:\/\/ba-volkratshofen.de\/wp-content\/uploads\/2026\/04\/zusaMMen_auswahl_04-768x500.jpg 768w, http:\/\/ba-volkratshofen.de\/wp-content\/uploads\/2026\/04\/zusaMMen_auswahl_04-1536x1001.jpg 1536w, http:\/\/ba-volkratshofen.de\/wp-content\/uploads\/2026\/04\/zusaMMen_auswahl_04.jpg 1836w\" sizes=\"(max-width: 1024px) 100vw, 1024px\" \/><\/figure>\n\n\n\n<h2 class=\"wp-block-heading\">REANIMATIONS Trainung:<\/h2>\n\n\n\n<figure class=\"wp-block-image size-large\"><img decoding=\"async\" width=\"1024\" height=\"1024\" src=\"http:\/\/ba-volkratshofen.de\/wp-content\/uploads\/2026\/04\/20260410_084311-1024x1024.jpg\" alt=\"\" class=\"wp-image-1660\" srcset=\"http:\/\/ba-volkratshofen.de\/wp-content\/uploads\/2026\/04\/20260410_084311-1024x1024.jpg 1024w, http:\/\/ba-volkratshofen.de\/wp-content\/uploads\/2026\/04\/20260410_084311-300x300.jpg 300w, http:\/\/ba-volkratshofen.de\/wp-content\/uploads\/2026\/04\/20260410_084311-150x150.jpg 150w, http:\/\/ba-volkratshofen.de\/wp-content\/uploads\/2026\/04\/20260410_084311-768x768.jpg 768w, http:\/\/ba-volkratshofen.de\/wp-content\/uploads\/2026\/04\/20260410_084311-1536x1536.jpg 1536w, http:\/\/ba-volkratshofen.de\/wp-content\/uploads\/2026\/04\/20260410_084311-2048x2048.jpg 2048w\" sizes=\"(max-width: 1024px) 100vw, 1024px\" \/><\/figure>\n\n\n\n<h2 class=\"wp-block-heading\"><mark style=\"background-color:rgba(0, 0, 0, 0)\" class=\"has-inline-color has-blue-color\">Br\u00fcckensanierung A96 (Stand: 27.03.2026):<\/mark><\/h2>\n\n\n\n<p>\u201eSeit einigen Tagen sind Sondierungs- und Messaktivit\u00e4ten der Autobahn GmbH rund um die Autobahn\u00fcberf\u00fchrung in Volkratshofen zu beobachten. Auf R\u00fcckfrage hat die Stadt Memmingen dazu informiert: Die Autobahnbr\u00fccke \u00fcber die A96 wird durch die Autobahn GmbH in diesem Jahr saniert und voraussichtlich f\u00fcr sechs Monate f\u00fcr den Verkehr gesperrt. Die Stadt arbeitet momentan an einem Konzept zur Umleitung des Verkehrs \u00fcber Ferthofen inklusive Regelung des Begegnungsverkehrs. Beginn der Sperrung ist noch nicht bekannt, es kann aber durchaus kurzfristig in den n\u00e4chsten 2 Monaten damit gerechnet werden. Gerne informieren wir \u00fcber neue St\u00e4nde der Planung und Umsetzung, wenn die uns vorliegen.\u201c<\/p>\n\n\n\n<figure class=\"wp-block-image size-large is-resized\"><img decoding=\"async\" width=\"462\" height=\"1024\" src=\"http:\/\/ba-volkratshofen.de\/wp-content\/uploads\/2026\/03\/A-96-03.2026-462x1024.jpg\" alt=\"\" class=\"wp-image-1639\" style=\"width:393px;height:auto\" srcset=\"http:\/\/ba-volkratshofen.de\/wp-content\/uploads\/2026\/03\/A-96-03.2026-462x1024.jpg 462w, http:\/\/ba-volkratshofen.de\/wp-content\/uploads\/2026\/03\/A-96-03.2026-135x300.jpg 135w, http:\/\/ba-volkratshofen.de\/wp-content\/uploads\/2026\/03\/A-96-03.2026-768x1704.jpg 768w, http:\/\/ba-volkratshofen.de\/wp-content\/uploads\/2026\/03\/A-96-03.2026-692x1536.jpg 692w, http:\/\/ba-volkratshofen.de\/wp-content\/uploads\/2026\/03\/A-96-03.2026-923x2048.jpg 923w, http:\/\/ba-volkratshofen.de\/wp-content\/uploads\/2026\/03\/A-96-03.2026-scaled.jpg 1154w\" sizes=\"(max-width: 462px) 100vw, 462px\" \/><\/figure>\n\n\n\n<p><\/p>\n\n\n\n<h2 class=\"wp-block-heading\"><mark style=\"background-color:rgba(0, 0, 0, 0)\" class=\"has-inline-color has-blue-color\">Erneuerung &#8211;  Spielplatz &#8220; Unter den Halden &#8220;                                         ist abgeschlossen ( Stand: April2026 )  <\/mark><\/h2>\n\n\n\n<figure class=\"wp-block-image size-large is-resized\"><img loading=\"lazy\" decoding=\"async\" width=\"628\" height=\"1024\" src=\"http:\/\/ba-volkratshofen.de\/wp-content\/uploads\/2026\/04\/Screenshot_20260410-628x1024.jpg\" alt=\"\" class=\"wp-image-1664\" style=\"width:538px;height:auto\" srcset=\"http:\/\/ba-volkratshofen.de\/wp-content\/uploads\/2026\/04\/Screenshot_20260410-628x1024.jpg 628w, http:\/\/ba-volkratshofen.de\/wp-content\/uploads\/2026\/04\/Screenshot_20260410-184x300.jpg 184w, http:\/\/ba-volkratshofen.de\/wp-content\/uploads\/2026\/04\/Screenshot_20260410-768x1252.jpg 768w, http:\/\/ba-volkratshofen.de\/wp-content\/uploads\/2026\/04\/Screenshot_20260410-942x1536.jpg 942w, http:\/\/ba-volkratshofen.de\/wp-content\/uploads\/2026\/04\/Screenshot_20260410.jpg 1080w\" sizes=\"(max-width: 628px) 100vw, 628px\" \/><\/figure>\n\n\n\n<h2 class=\"wp-block-heading\"><strong>Die ersten R\u00fcckmeldungen \/ Antworten<\/strong> <strong> zu Themen von der B\u00fcrgerversammlung 2025:<\/strong><\/h2>\n\n\n\n<p><\/p>\n\n\n\n<p><strong>\u00d6ffnung Schulturnhallen in den Ferien<\/strong><\/p>\n\n\n\n<p>In den Schulferien werden in den Turnhallen die j\u00e4hrlich notwendigen Sanierungs-, Wartungs- und Reinigungsarbeiten durchgef\u00fchrt.<\/p>\n\n\n\n<p>Grunds\u00e4tzlich verursacht eine \u00d6ffnung der Turnhallen in den Ferien entsprechende Kosten (Energiekosten, Verbrauchsmaterial, Reinigung, Personalkosten). Demgegen\u00fcber stehen erfahrungsgem\u00e4\u00df leider deutlich zu wenige Nutzer, da speziell in den Ferien viele Vereine auch bewusst Pausen einlegen, sowohl im Jugend- als auch im Erwachsenen- und Seniorenbereich. Dies stellt sich auch bei den regelm\u00e4\u00dfigen Gespr\u00e4chen mit den Vereinen so heraus. Da dies nicht alle Abteilungen betrifft und auch die Verb\u00e4nde nicht immer auf Ferien R\u00fccksicht nehmen, haben wir f\u00fcr die Memminger Vereine seit l\u00e4ngerem die g\u00e4ngige Praxis, dass Teilnehmer an den Verbandsrunden der Sportarten f\u00fcr die Ferien Ferienzeiten beantragen k\u00f6nnen, welche dann auch so genutzt werden k\u00f6nnen.<\/p>\n\n\n\n<p><\/p>\n\n\n\n<p><strong>L\u00fcftung der Mehrzweckhalle:<\/strong><\/p>\n\n\n\n<p>Die Mehrzweckhalle Volkratshofen wird mittels der L\u00fcftungsanlage beheizt. Hier wacht auch gleichzeitig ein CO2-Sensor \u00fcber die Luftqualit\u00e4t, der bei einem eingestellten Grenzwert unabh\u00e4ngig von der vorhandenen Temperatur kurzzeitig die Anlage auffordert, die Luft m\u00f6glichst schnell auszutauschen. Die eingebaute L\u00fcftung entspricht damit den entsprechenden DIN-Vorschriften. Bei Veranstaltungen ist hier ein sechsfacher Luftwechsel \/ Stunde sicherzustellen. Hier kann es bei Veranstaltungen mit zahlreichen Teilnehmern leider dazu kommen, dass die Luft regelm\u00e4\u00dfig ausgetauscht wird, und somit die L\u00fcftungsanlage mehrmals anl\u00e4uft. W\u00e4hrend des Luftaustausches schafft es die Heizung nicht, die ausgetauschte Luft zu erw\u00e4rmen. Das System ist hierbei auf eine Turnhalle als Sportst\u00e4tte konfiguriert. Derzeit wird ein neues System angedacht, welche die Nutzung der Halle als Veranstaltungsst\u00e4tte ber\u00fccksichtigt. Ggf. k\u00f6nnte das neue System im n\u00e4chsten Jahren installiert werden. Dann sollte es besser werden.<\/p>\n\n\n\n<figure class=\"wp-block-image size-large is-resized\"><img loading=\"lazy\" decoding=\"async\" width=\"1024\" height=\"724\" src=\"http:\/\/ba-volkratshofen.de\/wp-content\/uploads\/2025\/12\/0001-1-1024x724.jpg\" alt=\"\" class=\"wp-image-1592\" style=\"width:883px;height:auto\" srcset=\"http:\/\/ba-volkratshofen.de\/wp-content\/uploads\/2025\/12\/0001-1-1024x724.jpg 1024w, http:\/\/ba-volkratshofen.de\/wp-content\/uploads\/2025\/12\/0001-1-300x212.jpg 300w, http:\/\/ba-volkratshofen.de\/wp-content\/uploads\/2025\/12\/0001-1-768x543.jpg 768w, http:\/\/ba-volkratshofen.de\/wp-content\/uploads\/2025\/12\/0001-1-1536x1086.jpg 1536w, http:\/\/ba-volkratshofen.de\/wp-content\/uploads\/2025\/12\/0001-1.jpg 1683w\" sizes=\"(max-width: 1024px) 100vw, 1024px\" \/><\/figure>\n\n\n\n<figure class=\"wp-block-image size-large is-resized\"><img loading=\"lazy\" decoding=\"async\" width=\"1024\" height=\"724\" src=\"http:\/\/ba-volkratshofen.de\/wp-content\/uploads\/2025\/12\/0002-1-1024x724.jpg\" alt=\"\" class=\"wp-image-1593\" style=\"width:807px;height:auto\" srcset=\"http:\/\/ba-volkratshofen.de\/wp-content\/uploads\/2025\/12\/0002-1-1024x724.jpg 1024w, http:\/\/ba-volkratshofen.de\/wp-content\/uploads\/2025\/12\/0002-1-300x212.jpg 300w, http:\/\/ba-volkratshofen.de\/wp-content\/uploads\/2025\/12\/0002-1-768x543.jpg 768w, http:\/\/ba-volkratshofen.de\/wp-content\/uploads\/2025\/12\/0002-1-1536x1086.jpg 1536w, http:\/\/ba-volkratshofen.de\/wp-content\/uploads\/2025\/12\/0002-1.jpg 1683w\" sizes=\"(max-width: 1024px) 100vw, 1024px\" \/><\/figure>\n\n\n\n<figure class=\"wp-block-image size-large\"><img loading=\"lazy\" decoding=\"async\" width=\"1024\" height=\"724\" src=\"http:\/\/ba-volkratshofen.de\/wp-content\/uploads\/2025\/12\/0003-1-1024x724.jpg\" alt=\"\" class=\"wp-image-1594\" srcset=\"http:\/\/ba-volkratshofen.de\/wp-content\/uploads\/2025\/12\/0003-1-1024x724.jpg 1024w, http:\/\/ba-volkratshofen.de\/wp-content\/uploads\/2025\/12\/0003-1-300x212.jpg 300w, http:\/\/ba-volkratshofen.de\/wp-content\/uploads\/2025\/12\/0003-1-768x543.jpg 768w, http:\/\/ba-volkratshofen.de\/wp-content\/uploads\/2025\/12\/0003-1-1536x1086.jpg 1536w, http:\/\/ba-volkratshofen.de\/wp-content\/uploads\/2025\/12\/0003-1.jpg 1683w\" sizes=\"(max-width: 1024px) 100vw, 1024px\" \/><\/figure>\n\n\n\n<p>&nbsp;&nbsp;&nbsp;&nbsp;&nbsp;&nbsp;&nbsp;&nbsp;&nbsp;&nbsp;&nbsp;&nbsp;&nbsp;&nbsp;&nbsp;&nbsp;&nbsp;&nbsp;&nbsp;&nbsp;&nbsp;&nbsp;&nbsp;&nbsp;&nbsp;&nbsp;&nbsp;&nbsp;&nbsp;&nbsp;&nbsp;&nbsp;&nbsp;&nbsp;&nbsp;&nbsp;&nbsp;&nbsp;&nbsp;&nbsp;&nbsp;&nbsp;&nbsp;&nbsp;&nbsp;&nbsp;&nbsp;&nbsp;&nbsp;&nbsp;&nbsp;&nbsp; &nbsp;<\/p>\n\n\n\n<p><mark style=\"background-color: rgba(0, 0, 0, 0);\"><\/mark><\/p>\n\n\n\n<h2 class=\"wp-block-heading\"><strong><mark style=\"background-color:rgba(0, 0, 0, 0)\" class=\"has-inline-color has-blue-color\">Baumpflanz-Challenge  September 2025<\/mark><\/strong><\/h2>\n\n\n\n<p>die Feuerwehr Volkratshofen hat den B\u00fcrgerausschuss Volkratshofen f\u00fcr die Baumpflanz-Challenge nominiert. Der B\u00fcrgerausschuss stellte sich dieser Aufgabe und pflanze in diesem Zusammenhang einen Walnussbaum auf der Wiese zwischen Tulpenbaumallee und Wanderparkplatz.<\/p>\n\n\n\n<p>Schaut Euch hierzu gerne das Video bzgl. der Umsetzung an.<\/p>\n\n\n\n<p><\/p>\n\n\n\n<figure class=\"wp-block-video\"><video height=\"1080\" style=\"aspect-ratio: 608 \/ 1080;\" width=\"608\" controls src=\"http:\/\/ba-volkratshofen.de\/wp-content\/uploads\/2025\/09\/Baumpflanz-Challenge-V3-LQ.mp4\"><\/video><\/figure>\n\n\n\n<p><\/p>\n\n\n\n<p><\/p>\n\n\n\n<p><\/p>\n\n\n\n<h2 class=\"wp-block-heading\"><mark style=\"background-color: rgba(0, 0, 0, 0);\"><mark style=\"background-color:rgba(0, 0, 0, 0)\" class=\"has-inline-color has-blue-color\">&#8211;&nbsp;<\/mark><\/mark><strong><mark style=\"background-color:rgba(0, 0, 0, 0)\" class=\"has-inline-color has-blue-color\"><u>Bereitstellung Defibrillatoren<\/u>:&nbsp;&nbsp;<\/mark><\/strong><\/h2>\n\n\n\n<p><mark style=\"background-color:rgba(0, 0, 0, 0)\" class=\"has-inline-color has-blue-color\"> <\/mark>wir m\u00f6chten euch dar\u00fcber informieren, dass ab sofort ein <strong>\u00f6ffentlich zug\u00e4nglicher Defibrillator (AED)<\/strong> am Feuerwehrhaus Volkratshofen zur Verf\u00fcgung&nbsp;steht. Er ist rund um die Uhr einsatzbereit und kann im Notfall von jeder und jedem genutzt werden.<\/p>\n\n\n\n<p class=\"has-text-align-left\">Der Defibrillator ist gut sichtbar an der Au\u00dfenwand des Feuerwehrhauses angebracht. Die Bedienung ist einfach und selbsterkl\u00e4rend, sodass auch Personen ohne Vorkenntnisse im Ernstfall schnell und effektiv helfen k\u00f6nnen.<\/p>\n\n\n\n<p class=\"has-text-align-left\"><\/p>\n\n\n\n<figure class=\"wp-block-image size-large is-resized\"><img loading=\"lazy\" decoding=\"async\" width=\"908\" height=\"1024\" src=\"http:\/\/ba-volkratshofen.de\/wp-content\/uploads\/2025\/02\/Defi_2025-908x1024.jpg\" alt=\"\" class=\"wp-image-1471\" style=\"width:335px;height:auto\" srcset=\"http:\/\/ba-volkratshofen.de\/wp-content\/uploads\/2025\/02\/Defi_2025-908x1024.jpg 908w, http:\/\/ba-volkratshofen.de\/wp-content\/uploads\/2025\/02\/Defi_2025-266x300.jpg 266w, http:\/\/ba-volkratshofen.de\/wp-content\/uploads\/2025\/02\/Defi_2025-768x866.jpg 768w, http:\/\/ba-volkratshofen.de\/wp-content\/uploads\/2025\/02\/Defi_2025-1362x1536.jpg 1362w, http:\/\/ba-volkratshofen.de\/wp-content\/uploads\/2025\/02\/Defi_2025-1817x2048.jpg 1817w\" sizes=\"(max-width: 908px) 100vw, 908px\" \/><\/figure>\n\n\n\n<p>Information der Stadt Memmingen:<\/p>\n\n\n\n<p>2024 sind wir dazu \u00fcbergegangen eine systematische Bestands- und Bedarfsanalyse zu erstellen, um eine m\u00f6glichst optimale Versorgung in Stadt und Landkreis durch Defibrillatoren zu erhalten. \u00dcber verschiedene F\u00f6rdermittel und Spenden konnten wir in der Gesundheitsregion<sup>plus <\/sup>nun insgesamt sieben Defibrillatoren anschaffen. Diese werden wir nun \u00fcber die Stadtteile und das Stadtzentrum verteilen, entsprechend dem erhobenen Bedarf. In diesem Zuge erhalten die Freiwilligen Feuerwehren Buxach\/Hart, Dickenreishausen, Volkratshofen und Eisenburg je einen Defibrillator. Dieser wird gut sichtbar an die Feuerwehrgeb\u00e4ude montiert und ist somit 24\/7 verf\u00fcgbar. Die Ger\u00e4te sind ebenfalls bereits im App-Ersthelfer-System \u201eRegion der Lebensretter\u201c registriert, sodass im Notfall auch qualifizierte Ersthelfende direkt zum Standort des Defibrillators geleitet werden.<\/p>\n\n\n\n<p><\/p>\n\n\n\n<p><\/p>\n\n\n\n<p> &nbsp;<\/p>\n\n\n\n<p><\/p>\n\n\n\n<p><\/p>\n\n\n\n<p><\/p>\n\n\n\n<p>&nbsp;<\/p>\n\n\n\n<p><\/p>\n\n\n\n<p>&nbsp;<\/p>\n\n\n\n<p><br><p>\u00a0<\/p><br><\/p>\n\n\n\n<p><\/p>\n\n\n\n<p><\/p>\n\n\n\n<p><\/p>\n\n\n\n<p><\/p>\n\n\n\n<p><\/p>\n\n\n\n<p><\/p>\n\n\n\n<p><\/p>\n\n\n\n<p><\/p>\n\n\n\n<p><\/p>\n\n\n\n<p><\/p>\n\n\n<\/p>\n\n\n<p><\/p>\n","protected":false},"excerpt":{"rendered":"<p>Der B\u00fcrgerausschuss ist ein von den B\u00fcrgern gew\u00e4hltes Gremium, welches beauftragt ist, die Interessen der B\u00fcrgerschaft vor der Stadt Memmingen zu vertreten. Aktion &#8222;ZusaMMen f\u00fcr ein sauberes Memmingen 2026&#8220; &#8211; Volkratshofen-Ferthofen macht mit! Gelungene Aktion bei strahlendem Sonnenschein , die, &hellip; <a href=\"http:\/\/ba-volkratshofen.de\/\">Weiterlesen <span class=\"meta-nav\">&rarr;<\/span><\/a><\/p>\n","protected":false},"author":1,"featured_media":0,"parent":0,"menu_order":0,"comment_status":"closed","ping_status":"closed","template":"","meta":{"_mc_calendar":[],"footnotes":""},"class_list":["post-194","page","type-page","status-publish","hentry"],"_links":{"self":[{"href":"http:\/\/ba-volkratshofen.de\/index.php?rest_route=\/wp\/v2\/pages\/194","targetHints":{"allow":["GET"]}}],"collection":[{"href":"http:\/\/ba-volkratshofen.de\/index.php?rest_route=\/wp\/v2\/pages"}],"about":[{"href":"http:\/\/ba-volkratshofen.de\/index.php?rest_route=\/wp\/v2\/types\/page"}],"author":[{"embeddable":true,"href":"http:\/\/ba-volkratshofen.de\/index.php?rest_route=\/wp\/v2\/users\/1"}],"replies":[{"embeddable":true,"href":"http:\/\/ba-volkratshofen.de\/index.php?rest_route=%2Fwp%2Fv2%2Fcomments&post=194"}],"version-history":[{"count":374,"href":"http:\/\/ba-volkratshofen.de\/index.php?rest_route=\/wp\/v2\/pages\/194\/revisions"}],"predecessor-version":[{"id":1673,"href":"http:\/\/ba-volkratshofen.de\/index.php?rest_route=\/wp\/v2\/pages\/194\/revisions\/1673"}],"wp:attachment":[{"href":"http:\/\/ba-volkratshofen.de\/index.php?rest_route=%2Fwp%2Fv2%2Fmedia&parent=194"}],"curies":[{"name":"wp","href":"https:\/\/api.w.org\/{rel}","templated":true}]}}